Is k a composite number?
False
Let b(d) be the third derivative of 45*d**4/8 - d**3/6 - d**2. Suppose -44 + 41 = -3*u. Is b(u) a prime number?
False
Suppose 12873 - 3885 = 4*d + 3*h, 5*d - 5*h - 11200 = 0. Let c = d - 1277. Is c a prime number?
True
Let l(a) = -141*a**3 - 2*a**2 + 11*a + 37. Is l(-3) prime?
True
Let i(d) = d - 19. Let g be i(20). Is (8 - 7)/(g/1193) prime?
True
Is (8/(-6))/((-5)/((-19620)/(-48))) a prime number?
True
Let t = -25 + 29. Is ((-6)/t)/(9/(-2076)) composite?
True
Let b = 18 + -16. Suppose b*a = -a + 1323. Let u = a - 38. Is u composite?
True
Let k be (-135)/(1 + 26/(-24)). Suppose -11*q = -16*q + k. Suppose -249 = -3*b + q. Is b prime?
True
Suppose 0 = 43*d - 51*d + 32584. Is d prime?
True
Let r be (15/9 - 1)*18. Suppose r = 4*q, -4*p = -0*p + 5*q - 731. Suppose -4*f - 31 = -p. Is f prime?
True
Let p(j) = 7201*j - 1247. Is p(8) a composite number?
True
Let i = 30 - -792. Suppose 5*x - 4*u = 2037, x - 3*x + i = 2*u. Is x prime?
True
Let q = 1896 + -97. Is q prime?
False
Let h(u) = u**2 - 6*u - 2. Let l be h(5). Let y be 1/(-4) + l/4. Is (-2607)/(-44) + y/8 a prime number?
True
Let r = -122 + 337. Let d = r + -58. Is d a composite number?
False
Let z(l) = 2*l**2. Suppose -o = -0*j - 2*j + 3, j + 5*o + 4 = 0. Let t be z(j). Suppose -2*w + 5*y = 2*w - 797, 0 = t*w - 4*y - 394. Is w composite?
True
Suppose 3*c + 5*d + 9 + 5 = 0, 3*c - 26 = 5*d. Suppose -5*r = 5*x - 7740, -c*x = -2*r + 2564 + 512. Is r a prime number?
True
Suppose -8*i - 41 = -129. Suppose -13 + i = -b. Is b a composite number?
False
Let g = -96 + 101. Let t(v) = 5*v**3 + 6*v**2 - 7*v + 11. Is t(g) prime?
True
Suppose -2*d + 482 - 100 = 0. Let z = d - -108. Is z composite?
True
Suppose -f = 7*f - 43496. Is f a composite number?
False
Suppose 0 = -2*w + 2*g + 6026, 5*g = 3*w - 10221 + 1190. Is w a prime number?
False
Suppose 144 = 4*l + 3*v, -2*l = 2*v - 4*v - 58. Let z(b) = -2*b**3 + b**2 - 2*b + 1. Let i be z(-3). Let x = i - l. Is x composite?
False
Let j = -91 - -40. Let q be (0 - -1) + (-1 - -1). Is j*(-2 + q/(-3)) a composite number?
True
Suppose 0 = -4*a + 46 + 10. Let i = a + -10. Suppose -i*u + 132 = -80. Is u a composite number?
False
Suppose 3*m + 34324 = z, z - 4*m - 5366 - 28963 = 0. Is z a composite number?
True
Let o be ((-204)/(-15))/(12/150). Let a be -85*((-2)/(-1))/(-2). Let n = o - a. Is n a prime number?
False
Suppose 0 = -0*b + b - 3*c + 3, -3*b + c = -7. Suppose b*j = z + 562, 3*z + 563 = 3*j + z. Is j composite?
True
Suppose -2*j - 20 = -388. Let b = j - -109. Is b composite?
False
Suppose 113550 = 13*q - 9*q + 2*j, -56769 = -2*q + 5*j. Is q a prime number?
True
Suppose -878 = -10*u - 3398. Let p = -149 - u. Is p prime?
True
Suppose 0 = -2*m - 1686 + 5566. Is 2/(-7) + m/28 prime?
False
Let s(l) = 21*l**2 - 10*l - 26. Is s(-12) a composite number?
True
Suppose 0 = -20*m - 16432 + 77652. Is m prime?
True
Suppose 15 = 5*l + o - 4, -5*l + 2*o + 22 = 0. Suppose 2*h - 3*h = s - 254, l*h - 4 = 0. Is s composite?
True
Suppose -94812 = -4*u + 2*x, 4*u - 60249 - 34563 = -4*x. Is u composite?
True
Suppose -6*d + 49 = -47. Let b = 42 - d. Suppose 3*r + b = 3*x + 1184, 1945 = 5*r - 2*x. Is r prime?
False
Let f be 30/(-40) - (13/4 + 0). Let q(c) = -385*c - 11. Is q(f) composite?
True
Is 5 + 8555 - (-7 - -6) prime?
False
Let b(k) = 75*k**2 + 13*k - 85. Is b(-12) composite?
False
Let y = -15 - -19. Let o = 189 - y. Is o a prime number?
False
Is (-1)/((-1 + 100190/100185)*-3) a prime number?
True
Suppose -6*m + 21 = -9. Suppose -4*q + 24 = -5*r, 60 = 4*q - r + m*r. Is q composite?
False
Let h(g) = 6*g**3 - 22*g**2 + 4*g. Let j be h(21). Is (-5)/(-2)*j/70 a prime number?
False
Suppose 2*w = -u - 23 + 78, -81 = -3*w - 2*u. Let a = 44 - w. Is a prime?
False
Let k(f) = f**3 - 12. Let s be k(0). Is ((-1306)/(-8))/((-1)/s*3) prime?
True
Suppose -205 = -8*z + 107. Is z prime?
False
Let o be 47/7 + (-10)/(-35). Suppose o*z = 6*z + 2095. Is z a prime number?
False
Suppose -2*f = 5*p - 9, 3*p - 4*p = f - 3. Suppose 4*m - x = 1040, 2*m + 5*x = -f*m + 1016. Is m composite?
True
Let c(y) = 5*y**2 + 21*y - 63. Is c(7) composite?
True
Let o be (-15388)/(-24) - (-1)/(-6). Suppose 2*j = o - 35. Is j a composite number?
True
Suppose 0 = -4*g + 580 + 8392. Is g prime?
True
Suppose 13*z = 16*z - 168. Suppose -5*x + 153 = h, 4*x + z + 61 = h. Is h a prime number?
False
Suppose 2*s - 4*w = 3194, -3*s - 5*w + 4747 = -0*s. Is s a prime number?
False
Let a be 2/((-1)/(-308) - 0). Suppose -2*b = 5*f - a, -b + 370 = f + 2*f. Suppose -3*g + 125 + f = 0. Is g a prime number?
True
Suppose 4*b - 28 = -2452. Let u = b - -1097. Is u a composite number?
False
Let v(b) = 6*b**3 + 2*b - 3. Let z(d) = -d**3 + d**2 - d. Let p(g) = g**3 + 2*g**2 - 4*g - 4. Let i be p(-3). Let u(j) = i*z(j) + v(j). Is u(2) prime?
False
Let a be (-1)/(((-28)/(-36))/(-7)). Is (1461/9)/(3/a) a prime number?
True
Let c(r) = -r**2 - 10*r + 11. Suppose -h - 3 = v, -2*v - 3*v = -2*h + 22. Let k be (h + -11)*(-10 - -11). Is c(k) a composite number?
False
Suppose -21*f + 6002 = -1285. Is f a prime number?
True
Suppose 16788 = -o + 13*o. Is o a prime number?
True
Is 8/(-12)*23211/(-6) prime?
True
Let r = 30 + -28. Suppose -4*n + 4*c + 64 = 0, -2*n + 48 = n + r*c. Is (-344)/n*(2 - 4) composite?
False
Suppose r - 4 = -1. Suppose y - 15 = -m, 0*y + 3 = r*y. Suppose m*o - 133 = 13*o. Is o composite?
True
Let r(v) = 31*v - 5. Let t be r(8). Let p(x) = x + x + t*x**3 - x**2 - 1 + 202*x**3. Is p(1) composite?
True
Suppose 0*b - 4*b + 40 = 0. Let f be (7 - -1)/(b/25). Suppose f = 2*u - 114. Is u a prime number?
True
Let l = 8098 - -2329. Is l a prime number?
True
Let p be -1*(-20)/(-6)*3. Is (-397)/(-5) - (-4)/p a composite number?
False
Let a(m) = 295*m**3 + 3*m**2 + 4*m - 11. Is a(3) a composite number?
False
Let l be (-6)/(-15) - (-17)/(-5). Let y be 3/(l - 27/(-6)). Suppose -5*i - 2*t + 477 = 88, -i + y*t + 73 = 0. Is i a prime number?
False
Let i = 10 - 8. Let m be (i + -5)*2/(-3). Suppose -m*w = 5*b - 155, 1 = b - w - 30. Is b composite?
False
Suppose -3*p + 17145 = s, -34285 = -2*s - p - 4*p. Let w be (s/(-35))/((-1)/(-7)). Is w/(-9) + (-1)/(-3) composite?
True
Is (-5 + (-23)/(-5))/((-8)/296260) composite?
False
Let p(q) = -11*q - 3*q**3 + 7 + 3*q**3 - 7*q**3 - 8*q**2 + 4*q**3. Is p(-10) a prime number?
False
Is (-4)/(-6)*-5862*(-3)/4 a composite number?
True
Let n(a) = -442*a + 30 + 29 - 10 + 132*a. Is n(-21) a composite number?
True
Let i be 544/(-30) - (-16)/120. Let b = i - -17. Is -2 + b + 6 + 139 composite?
True
Is 1*(-7)/(-21)*25401 a prime number?
True
Let y(d) = -4*d**3 - 84*d**2 + 56*d + 139. Let b(p) = -p**3 - 21*p**2 + 14*p + 35. Let x(u) = -9*b(u) + 2*y(u). Is x(-17) a composite number?
True
Let l = -11 - -9. Let q be l/6 + 3702/(-18). Let k = -84 - q. Is k prime?
False
Let t = -60 - -64. Suppose -2*f = -t*a + 1948, 3*f - 8*f = -3*a + 1461. Is a a composite number?
False
Let q = 24 + -15. Suppose -684 = -q*c + 981. Is c a composite number?
True
Let y be -4*11 + (3 - 5). Let l = y + 233. Is l a composite number?
True
Suppose -4*u = -16, -q + 59 = u - 42. Is q composite?
False
Let a(u) = -2*u**3 - 8*u**2 + 8*u - 1. Suppose -7 = -6*f - 49. Is a(f) composite?
True
Suppose 0 = -73*h + 78*h - 785. Is h a prime number?
True
Suppose -3*k + 60 + 442 = -2*u, 150 = k - 5*u. Let z = -115 + k. Suppose b = 2*b - z. Is b a composite number?
True
Let t(j) = 9*j + 3. Let c be t(5). Suppose 2*i - c = 118. Is i a prime number?
True
Let x(t) = 177*t - 19. Suppose 3*b - 6*v = -2*v + 14, 10 = 3*b - 2*v. Is x(b) composite?
True
Let h = 12508 + -1395. Is h prime?
True
Let j(y) = 27*y**3 - 3*y**2 - 9*y - 5. Let f be j(-3). Is (-6)/6 - (0 + f) prime?
True
Suppose -6 - 22 = -p. Let n be (-16)/(-14)*p/8. Suppose -n*h - h = -170. Is h a prime number?
False
Suppose u = -u + 2328. Suppose -u - 1681 = -i. Is i composite?
True
Let r = -11082 + 18595. Is r a composite number?
True
Suppose -1 = -3*t + 2. Let g(v) = v - 2*v + t + 47*v**2 + 2*v + 0*v. Is g(2) a composite number?
False
Is 92754/27*(-3)/(-2) composite?
False
Let q(p) = 16*p**2 - 8*p + 5. Let u = -6 - -12. Is q(u) a composite number?
True
Let v = 5135 + -2661. Is v a composite number?
True
Is ((-2)/2)/(8 - (-1410981)/(-176371)) a prime number?
True
Suppose -139711 = 2*n 